n base 15, what is 5 + -2b19b1?
-2b19ab
In base 10, what is 4 + 3570903?
3570907
In base 13, what is -72697013 - 2?
-72697015
In base 12, what is -785a + 10851?
4bb3
In base 15, what is 0 + 5e68cb?
5e68cb
In base 4, what is 12331123301 - 21?
12331123220
In base 6, what is 2031133200 - 1?
2031133155
In base 6, what is -314304 + -14341?
-333045
In base 7, what is 134452 + -26624?
104525
In base 11, what is -5 - 1333870?
-1333875
In base 7, what is 12 - 55453612?
-55453600
In base 15, what is -3a7c7c + 59?
-3a7c23
In base 5, what is 241314230 - 12244?
241301431
In base 5, what is 42311 - -111314?
204130
In base 7, what is 100 - -6452005?
6452105
In base 11, what is -75a1a - -3?
-75a17
In base 2, what is 11 - -10011101110100001100?
10011101110100001111
In base 6, what is -2305222 - -210?
-2305012
In base 9, what is -4 + 4204444?
4204440
In base 8, what is 53 - 6135611?
-6135536
In base 13, what is -1 - 56603c5?
-56603c6
In base 9, what is 6464574 + -13?
6464561
In base 9, what is 1245432517 - 3?
1245432514
In base 6, what is -33251511 + -21?
-33251532
In base 12, what is 5 - -aa42b6?
aa42bb
In base 8, what is -1031720 - -335?
-1031363
In base 6, what is -35 - 411214501?
-411214540
In base 12, what is -5a8739b - -3?
-5a87398
In base 6, what is 3044251 + -101051?
2543200
In base 2, what is 1111000110111100000 - 110?
1111000110111011010
In base 9, what is 457833 - 1422?
456411
In base 8, what is 17144 - -166401?
205545
In base 9, what is 1280513430 + 2?
1280513432
In base 6, what is 2 + -1004355535?
-1004355533
In base 2, what is 1001100100011010000011 + -101111?
1001100100011001010100
In base 13, what is 45b151 - 1?
45b150
In base 13, what is 16 + 10110b?
101124
In base 10, what is -43 + 154634?
154591
In base 14, what is -5dd467 + -242?
-5dd6a9
In base 15, what is 30 + -2e2ca?
-2e29a
In base 5, what is 13332 - -1240214?
1304101
In base 11, what is 5 - -16164a37?
16164a41
In base 5, what is 214242342121 - 4?
214242342112
In base 2, what is -1010010110001 - -101100101010?
-100110000111
In base 10, what is 95 + -12137533?
-12137438
In base 12, what is -89967b - 4b?
-89970a
In base 6, what is 12225 - 13010?
-341
In base 11, what is -151 - 701914?
-701a65
In base 14, what is -d947 + -197?
-db00
In base 6, what is 0 - -324010202?
324010202
In base 4, what is -120321033021 + -1?
-120321033022
In base 14, what is -40b7583 - -3?
-40b7580
In base 3, what is -10 - -12121220201221101?
12121220201221021
In base 7, what is 2 - -105653323?
105653325
In base 2, what is 101010101100001101100101110101 + 100?
101010101100001101100101111001
In base 9, what is 1336 + 105135?
106472
In base 8, what is 1767525 + 17?
1767544
In base 3, what is 0 + 10210221011102?
10210221011102
In base 14, what is 22 - -472?
494
In base 9, what is 2 - -3562432?
3562434
In base 10, what is -14 - -744697?
744683
In base 5, what is 322 - 4100434141?
-4100433314
In base 12, what is -9b48748 - 3?
-9b4874b
In base 9, what is -11658221 + -3?
-11658224
In base 14, what is 97b021 - 3?
97b01c
In base 11, what is -1257 + -8810?
-9a67
In base 4, what is -22130 - 2022201?
-2110331
In base 4, what is 3103321023 - -11?
3103321100
In base 3, what is 11011112202 - -100000200?
11111120102
In base 9, what is -25 - 4645146?
-4645172
In base 8, what is 6275760 - -21?
6276001
In base 7, what is -64554 + -1105?
-65662
In base 11, what is 490689 + 23?
490701
In base 7, what is -3 - -1160536150?
1160536144
In base 9, what is 3155886 + -144?
3155742
In base 8, what is 12717036 + -4?
12717032
In base 8, what is 1156 + 336507?
337665
In base 10, what is -3344 + -2309?
-5653
In base 11, what is 2a4 + -3234?
-2a40
In base 4, what is -23313012011 - -1?
-23313012010
In base 4, what is -101 + -1032031022?
-1032031123
In base 15, what is 620c78 + 6?
620c7e
In base 6, what is -1050 - 15225523?
-15231013
In base 6, what is -2444 + 23242112?
23235224
In base 14, what is -1193 + 16cc?
539
In base 13, what is -5582 + 17a00?
1244b
In base 16, what is 31 - -8f0d8d?
8f0dbe
In base 9, what is 8747 + 22125?
31873
In base 14, what is c30d8c41 + -1?
c30d8c40
In base 12, what is 3427 + -11188?
-9961
In base 9, what is 253 + 21256?
21520
In base 12, what is 15a35a - 1333?
159027
In base 6, what is -55 + -3502203?
-3502302
In base 11, what is 17318 + -185?
17143
In base 9, what is 120114852 - -5?
120114857
In base 7, what is 22465114545 + -5?
22465114540
In base 7, what is -3224 + -423466?
-430023
In base 7, what is 3562 + -1335?
2224
In base 2, what is 1101011111000100101111100 - -1?
1101011111000100101111101
In base 8, what is -167 - -46021046?
46020657
In base 6, what is 32000312 + 214?
32000530
In base 6, what is 1424 + 3021201?
3023025
In base 2, what is 101 - -11111100110001101111110?
11111100110001110000011
In base 4, what is 303201023 - -13?
303201102
In base 3, what is -1222002021220001 - 21?
-1222002021220022
In base 14, what is 14 + -2600a0?
-26008a
In base 12, what is -5478 - -63b8?
b40
In base 12, what is -2957 - 8869?
-b604
In base 15, what is -674ba + -1c5?
-67690
In base 3, what is 12 + 110212222122122?
110212222122211
In base 7, what is -22 - -2121435361?
2121435336
In base 4, what is -130023023222 - -12?
-130023023210
In base 3, what is 11120001102021 + 11?
11120001102102
In base 6, what is -14002253 - 3?
-14002300
In base 15, what is -d4cd + c?
-d4c1
In base 3, what is 200 - 222020112122010?
-222020112121110
In base 15, what is 1503 - -27de?
3ce2
In base 16, what is -3ed2 + 1?
-3ed1
In base 13, what is -500c - 2382?
-7391
In base 3, what is -120 + 2000222012102?
2000222011212
In base 6, what is -302 - 112544?
-113250
In base 2, what is -10001110010110 + 100100101100?
-1101001101010
In base 13, what is 66 + -50226?
-50190
In base 14, what is 10 + -35c35?
-35c25
In base 7, what is -342166 + -334?
-342533
In base 3, what is 11021 + -12101100122211?
-12101100111120
In base 5, what is 12 - -3002134110?
3002134122
In base 16, what is -5f9ea9e + 5?
-5f9ea99
In base 10, what is -1476 + 71607?
70131
In base 10, what is 5 + 15009236?
15009241
In base 9, what is -881 - -2562?
1571
In base 16, what is -3582c8 + -4?
-3582cc
In base 10, what is 5 - 248374257?
-248374252
In base 12, what is b - 8223127?
-8223118
In base 13, what is -30b2c9 - -3?
-30b2c6
In base 10, what is -1488878 - -8?
-1488870
In base 15, what is 5 + -8b3718?
-8b3713
In base 10, what is 293 - 228965?
-228672
In base 14, what is -161a81 - c2?
-161b63
In base 4, what is -2020 - -301023000?
301020320
In base 13, what is 76a - 120c4b?
-1204b1
In base 4, what is -102122 + -2332302?
-3101030
In base 6, what is 244 + -10155335?
-10155051
In base 15, what is 87b09d + -4?
87b099
In base 5, what is -1321242420 + 33?
-1321242332
In base 11, what is -1163010 + -6?
-1163016
In base 4, what is -1011030310 - -33121?
-1010331123
In base 8, what is 160472 - 500?
157772
In base 8, what is -1375245 + -2?
-1375247
In base 13, what is 0 + -6c213c?
-6c213c
In base 12, what is 168917 + -a?
168909
In base 8, what is 1 + -47564363?
-47564362
In base 4, what is 0 + -2230102122131?
-2230102122131
In base 14, what is 5 + 291dca7?
291dcac
In base 2, what is -110101111101101 - -101110011010?
-110000001010011
In base 8, what is 0 + 362753166?
362753166
In base 10, what is 12 + -15234249?
-15234237
In base 10, what is 0 - -24472407?
24472407
In base 4, what is 202 + -2211100112?
-2211033310
In base 16, what is 3 + -13fec6?
-13fec3
In base 15, what is -a + -2e8c93b?
-2e8c946
In base 6, what is 1035551 - 1125?
1034422
In base 16, what is a9 + -c39?
-b90
In base 10, what is 138264289 - -4?
138264293
In base 9, what is -7001 + -23035?
-31036
In base 14, what is 8d15a - -5?
8d161
In base 8, what is -255 + -1165?
-1442
In base 9, what is 420 + -34608?
-34178
In base 3, what is 2022 - 2122200110101?
-2122200101002
In base 5, what is -2244411120 + -210?
-2244411330
In base 3, what is 2002 + 1210121020122?
1210121022201
In base 15, what is 0 - 49193c?
-49193c
In base 6, what is -34 - 213550435?
-213550513
In base 8, what is 41172 - 1272?
37700
In base 15, what is -b98bb + 5?
-b98b6
In base 15, what is 0 + 760aaa?
760aaa
In base 10, what is 78 + 11228?
11306
In base 6, what is -3130 - -25112101?
25104531
In base 10, what is 95 - -128933?
129028
In base 14, what is 42001b1 + -5?
42001aa
In base 8, wh